t s(n) = -4*i(n) + 11*q(n). What is s(11)?
1
Let a(x) be the third derivative of 1/24*x**4 + 30*x**2 + 0*x - 2*x**3 - 3. Suppose 2*i = -j + 10, -4*i + j + 22 = 2. Determine a(i).
-7
Suppose -605 = 5*o - 126*o. Let u(l) = -2*l + 17. Calculate u(o).
7
Let m(o) = o**3 - 16*o**2 - 15*o - 39. Let j be (1/4)/(1226/136 - 9). Let q be m(j). Let f(h) be the first derivative of h**2/2 - 2*h + 2. Determine f(q).
-7
Let n(h) = h + 9. Suppose -122*w - 3 = -121*w + 3*g, 2*g = 3*w + 53. What is n(w)?
-6
Let q be 1*-5*18/45 - -23. Suppose -1 = w - q. Let f = w - 16. Let v(l) = -l**2 + 5*l - 3. What is v(f)?
1
Let w(x) = -x**2 + x + 6. Let g be (-16)/144 + 1171/9. Let u = g + -130. Calculate w(u).
6
Suppose 5*r + 22 + 8 = 0. Let c be (-3)/r*0/5. Let n(i) = c*i - 1 - 5*i + 2*i**2 + 4*i. Determine n(2).
5
Let u(g) = 2*g + 4. Suppose -8 = -60*p + 58*p + 2*l, 0 = p + 3*l + 20. Determine u(p).
0
Let q(j) be the third derivative of -j**5/60 + 5*j**4/8 - 7*j**3/2 + 975*j**2. Give q(11).
23
Let a(z) = z**2 + 4*z. Let j = 65 + -35. Suppose -19*o + 9*o = j. Calculate a(o).
-3
Let z = 1516 - 1521. Let w(g) = 3*g**3 + 6*g**2 - 5*g - 9. Let h(x) = x**3 - x - 1. Let f(q) = -2*h(q) + w(q). Determine f(z).
33
Suppose 3*u - 1 - 2 = 0. Let j(p) be the first derivative of -p**6/90 - p**4/24 - 7*p**3/3 + 11. Let v(h) be the third derivative of j(h). Calculate v(u).
-5
Suppose 74*s + 765 = 119*s. Let w(n) = -s - n + 20 - 7. Let a(y) = -y. Let l be a(-5). What is w(l)?
-9
Let v(h) = 20*h + 61. Suppose 3*l = 6*f - 11*f - 4, -l - 8 = -5*f. Let m be v(l). Let p(c) be the second derivative of -3*c**4/4 + c. Determine p(m).
-9
Let r = -16946 + 16949. Let g(s) be the first derivative of -11 + 2*s + 4/3*s**r - 1/2*s**2 - 1/4*s**4. What is g(3)?
8
Let y be (810/72)/(-15) - (-45)/12. Let h(a) be the second derivative of 1/3*a**y + 4*a - 3/2*a**2 + 0. What is h(-3)?
-9
Let a(w) = -2*w**2 + 2 - 3*w**2 - w**3 + 6*w - 2*w. Let c(y) = -10. Let p(m) = 3*m + 123. Let h(v) = 5*c(v) + p(v). Let j be h(-26). Give a(j).
-18
Let l(a) = 7*a. Let o(j) = -7*j + 41. Let d(g) = -15*g - 54. Let b be d(-4). Let r be o(b). Calculate l(r).
-7
Let w be (1 - 2/3) + (-310)/(-6). Let g = -48 + w. Let x(q) = q**2 - 7*q + 6. Calculate x(g).
-6
Let w = 7 - 1. Let h = -3 + w. Let x(q) = -79*q - 5 - 10*q + 2 + 91*q + 4. Determine x(h).
7
Let f(a) = -6*a**2 + 11*a + 5. Let i(z) = -16*z**2 + 24*z + 11. Let b(r) = 9*f(r) - 4*i(r). Give b(-1).
8
Let p(a) = 2*a**2 - 2*a - 1. Suppose 4*i - 3 = 7*i. Let f be 13 - (5 - (-9)/(-3))/i. Let l(c) = -c + 13. Let d be l(f). What is p(d)?
11
Let r(s) be the second derivative of -s**5/20 + s**4/6 + s**3/3 - 7*s. Let p(g) = 145*g - 722. Let t be p(5). Give r(t).
-3
Suppose 0 = 4*t - 26 + 1 - 3. Let a(s) be the third derivative of -s**5/60 + 5*s**4/12 - s**3/2 - s**2. What is a(t)?
18
Let d(v) be the third derivative of 5*v**4/12 - 4*v**3/3 - 6*v**2 + 117*v. Determine d(8).
72
Let g(u) be the first derivative of -7*u**2 + 21*u - 5573. Calculate g(9).
-105
Let i(u) be the third derivative of -1/60*u**6 + 3*u**2 - 1/30*u**5 + 0 - 28*u + 1/12*u**4 + 1/2*u**3. What is i(-2)?
7
Let o be (2*1)/(10/(-40)). Let n = o + 11. Let r(l) = 4*l**2 - l**3 + 4 + 30*l - 9*l - 3*l - 11*l - 11*l. Give r(n).
1
Let c = 5167/2 - 2583. Let u(b) be the second derivative of 0 + 1/10*b**5 + 1/6*b**3 + 7*b + 1/12*b**4 - c*b**2. Determine u(1).
3
Suppose 2*z - 19 + 13 = 0. Let g(p) = -2*p**3 - 11 + 2*p**z - 3*p**3 - p + 2*p**3. Calculate g(0).
-11
Suppose -10*r + 56 = -3*r. Let t(i) = -r - i + 10 - 6 + 0*i. Calculate t(9).
-13
Suppose -5 + 10 = 3*q + h, -5*q + 3*h = -13. Let g(b) = 3*b + 17*b**2 - q*b + 491 - 491. Let f be (-4)/5 - 4/20. Determine g(f).
16
Let g(o) = 6*o**3 + 1. Let c be g(1). Suppose 3*w = 3*i - 51, 4*i - 26*w + 27*w = 88. Let h(j) = -17*j - j**2 + 49 + i*j - 43. Determine h(c).
-15
Let d = -137 + 133. Let m be 10 + (d/4 - 5). Let p(w) = 2*w**2 - 4*w + 2. Calculate p(m).
18
Let a(x) = -7 - 5*x + 135*x**3 - 68*x**3 - 5*x**2 - 66*x**3. Determine a(6).
-1
Let o(c) be the first derivative of -c**5/20 - c**3/2 - c**2 - 109*c - 168. Let s(l) be the first derivative of o(l). Give s(-1).
2
Let g(o) = -2*o**3 + 14*o**2 + 15*o + 1. Let t be (8*1)/(-352 - -353). Determine g(t).
-7
Let j(b) be the third derivative of b**5/20 + b**4/6 - 5*b**3/3 - b**2 - 1371. Give j(2).
10
Let l(a) = 82*a - 81. Let o(r) = -39*r + 2. Let u(k) = l(k) + 2*o(k). Determine u(22).
11
Suppose 11*v + 21 = 14*v. Let c(j) = -3*j - 3*j - 2 - 4*j + v*j. Let r = -22 + 19. Calculate c(r).
7
Let i(u) = 310*u + 1722. Let q(x) = -62*x - 351. Let y(z) = -3*i(z) - 14*q(z). Give y(-4).
-4
Let c(z) = 3*z**2 + 35*z - 2*z**2 - 15*z + 8 + 8. What is c(-11)?
-83
Let v be (-4)/6 - 8/(-3). Let t = -568 + 569. Let q(l) = 710*l - 707*l + l**2 - t + 0*l**2. Give q(v).
9
Let m(c) be the first derivative of -c**4/2 + 20*c**3/3 - 13*c**2/2 - 43*c + 1231. What is m(9)?
2
Let f(b) be the first derivative of b**3/3 + b**2 - 22*b - 297. Determine f(-6).
2
Let n(o) = -o**2 + o - 5. Let j = -39 + 74. Suppose -u - j = -5*a - 10, 3*u = -15. Suppose 0 = f - 0 - a. What is n(f)?
-17
Let f(g) be the third derivative of -1/60*g**5 - 28*g + 4*g**2 + 0 - 5/6*g**3 - 1/24*g**4. Determine f(5).
-35
Let c(a) = 13*a - 24. Let n be c(2). Let x(f) = 6 + 7 - 8*f - f**3 + 8*f**n - 14 + 3. What is x(7)?
-5
Let g(n) = 2*n**2 - n - 1. Suppose q + 2 = d, 5*q - 8 = d - 2. Suppose -4*w = -7*w. Suppose -5*r - 1 = d*c - 2, w = 3*c + 3*r. What is g(c)?
2
Let q be (-1 + 4/3)/(-49 - 77786/(-1587)). Let d(p) = -3*p + 70. What is d(q)?
1
Let r be 14/((-4)/14*-14 + -2). Let m(x) = -119*x**2 + 833*x - 5. Give m(r).
-5
Suppose -23 = -46*o - 253. Let a(c) = c**2 + 7*c - 13. Let h(i) = i**2 + 7*i - 16. Let q(y) = o*h(y) + 6*a(y). Calculate q(-7).
2
Let l(g) = -g**2 + 6*g - 4. Let o be (38/(-19))/(2/(-5)). Let y be 5/20 + o/(60/57). Give l(y).
1
Let a(w) = 2*w**3 - 20*w**2 + 11*w + 13. Let z(o) = -o**3 + 10*o**2 - 6*o - 7. Let s be (-123)/25 - (-152)/(-1900). Let v(j) = s*z(j) - 2*a(j). What is v(9)?
0
Let d(g) = -17*g**3 - 23*g**2 - 26*g + 27. Let t(f) = -12*f**3 - 15*f**2 - 18*f + 19. Let r(k) = -5*d(k) + 7*t(k). What is r(-8)?
94
Let m(y) be the first derivative of y**3/3 - 9*y**2/2 + 46*y + 1380. Give m(6).
28
Let q = 435 + -428. Let r(y) = 5 - 2*y - 2 + q - 1 + 2. Determine r(0).
11
Let b = -97 - -109. Suppose 36 = b*t - 6*t. Let o(k) = k - 5. What is o(t)?
1
Let g be 109/24 - (-186)/(-4464). Let b(a) be the first derivative of -13 + g*a**2 - 14*a + 1/3*a**3. Calculate b(-10).
-4
Let m(t) = -t + 7. Let b(p) = p**2 + 7*p + 6. Suppose 5*i - 102 = 28. Suppose -i + 8 = 3*v. Let a be b(v). What is m(a)?
7
Let q(c) be the first derivative of c**4/4 + 5*c**3/3 - 12*c - 993. What is q(-4)?
4
Let j(m) be the first derivative of -3*m**4/4 + 4*m**3/3 - 13*m**2/2 + 3*m - 92. Let g(u) = 5*u**3 - 6*u**2 + 20*u - 5. Let t(n) = -5*g(n) - 8*j(n). Give t(-3).
-2
Let o(b) be the first derivative of -2/3*b**3 - 3/2*b**2 - b + 100. Give o(-3).
-10
Let m(h) = h**3 + 4*h**2 - 4. Suppose 31*q - 28 = 29*q. Let u = -10 + q. Suppose -u*t - 32 = 4*t. Calculate m(t).
-4
Let z(n) be the third derivative of n**5/60 - 11*n**4/12 + n**3/6 + 435*n**2 - 2. What is z(17)?
-84
Let d be (-3 - 3)/(15/(-20)). Let v(x) = 0 + d + 4*x - 3 - 2. Determine v(5).
23
Let d(c) = -3*c + 29. Let q(g) = -908*g + 7257. Let z be q(8). Give d(z).
50
Let w(m) be the first derivative of -1/3*m**3 - 46 + 2*m**2 + 4*m. Calculate w(3).
7
Let y(n) be the first derivative of -n**4/4 - 7*n**3/3 - 4*n**2 - 11*n - 182. Calculate y(-6).
1
Let h(r) = 2*r + 165 + 4*r**2 - 165. Let v(p) = 11*p**2 + 4*p + 1. Let b(s) = 8*h(s) - 3*v(s). Give b(4).
-3
Let i(z) = 8*z**3 + 54*z**2 + 2*z + 35. Let b(j) = -7*j**3 - 47*j**2 - 3*j - 28. Let d(h) = -6*b(h) - 5*i(h). Give d(-4).
25
Let l(u) = -3*u**2 - 18*u - 56. Let t(w) = 2*w**2 + 18*w + 55. Let m(j) = 3*l(j) + 4*t(j). Let r(n) be the first derivative of m(n). What is r(8)?
2
Let s(x) = -20*x**3 + 39 - 148 - 2*x + 0*x + 57 + 53. Give s(1).
-21
Let k(n) = -27*n**2 - 31*n - 217. Let p(a) = 7*a**2 + 8*a + 58. Let y(t) = 4*k(t) + 15*p(t). Determine y(-3).
-13
Let g(u) = -2*u**2 - 39*u - 24. Suppose -8078*m = -8142*m - 1216. Give g(m).
-5
Suppose -s + 54 = 10. Let u = s - 120. Let l = -73 - u. Let b(o) = -o**3 + 2*o**2 + 2